p = a - 603. What is the units digit of a?
7
Let l(k) = -646*k + 194. What is the units digit of l(-9)?
8
Let r(s) = 7*s**2 - 12*s - 378. What is the hundreds digit of r(-34)?
1
Let s(l) = -4*l**2 + 31*l - 104. Let v be s(17). Let w = v - -1498. What is the units digit of w?
5
Let d(y) = -y**3 + 14*y**2 - 14*y + 18. Let w be d(13). Suppose 0 = 7*n - 2*n - w*i - 35, -15 = -5*i. Suppose -39*h = -34*h - n. What is the units digit of h?
2
Suppose 347*f - 667988 = 587458. What is the units digit of f?
8
Suppose 0 = 27*j - 41*j - 43*j + 876204. What is the units digit of j?
2
Suppose -5*q - 2*n + 9 = 0, -q - 3 = -0*q - 2*n. Let f be 7/((-21)/(-9)) + q. What is the tens digit of (270/f + 1)/(16/32)?
3
What is the hundreds digit of (14/(-35) + 1)*1407550/30?
1
Suppose c = 5*c + 152. Let h = c + 48. What is the units digit of ((-56)/(-5))/(h/75)?
4
Suppose 3*z = 2*z - 2*k - 5, k + 6 = -z. Let p be (5 - (5 - (5 - 4))) + -1. What is the tens digit of z + 3/1 - (p - 140)?
3
Suppose 0 = 5*h - 56 + 366. Let k be 715/6 - 105/(-126). Let s = h + k. What is the tens digit of s?
5
Suppose 0 = -5*j - 5*u + 15, -2*j + 4*u + 13 = 37. Let p = 319 - 310. What is the tens digit of (-3)/3*18*p/j?
8
Let l(c) = -3 + 444*c + c**2 - 450*c - 8 + 5. Suppose 5*q - 4*y = 29, 3*q + 4*y + 2 = 45. What is the tens digit of l(q)?
2
Suppose -5*b + 2*x + 1247 = 0, 5*b - 7*b - 2*x = -510. Suppose w - 929 = -3*w - 5*t, -w = 5*t - b. What is the tens digit of w?
2
Let l = 17928 + -12339. What is the hundreds digit of l?
5
Suppose z = 73*j - 72*j - 27865, 139298 = 5*j + 4*z. What is the ten thousands digit of j?
2
Suppose 0 = -f + 2*x - 1 + 10, -3*x - 14 = -2*f. What is the hundreds digit of (f - 0)*(2 - 3 - -138)?
1
Suppose 33168 = 4*r + 4*v, -4*v + 3661 = 3*r - 21218. What is the units digit of r?
9
Suppose 12 - 2 = 5*y. Let c(f) = 4*f**y - f + 0 - 10 - 4*f. What is the tens digit of c(-4)?
7
What is the thousands digit of 180/(-288) + (-322762)/(-16)?
0
Let x = -35097 - -49223. What is the hundreds digit of x?
1
Let x = -5176 + 10280. What is the tens digit of x?
0
Suppose 7*r - 10*r = -108. Let t = r - 55. What is the units digit of (-3)/9 + (1 - t/3)?
7
Let u = -60 - -114. Let q = u + -53. What is the units digit of (q - (0 - 0))*58?
8
Suppose -6*c + 3*c + 399 = 0. Suppose 0 = 7*b + 3*b - 770. Let j = c - b. What is the units digit of j?
6
Suppose 5*d - 16 = -5*y + 4, y = 3*d. Let h(m) = -m**3 + 13*m**2 - 32*m + 23. Let a be h(10). Suppose y*n = -a*n + 48. What is the units digit of n?
8
Let y be 95/2 - 4/(-8). Suppose 18*z - y = 14*z. What is the units digit of 2664/42 + z/(-28)?
3
Suppose 0 = 8*a + 9*a - 100144 - 92194. What is the tens digit of a?
1
What is the hundreds digit of (270375/(-30))/((-1)/2)?
0
Let a be (1 + 3/(-7))/(14/49). Let j(t) = -6*t**2 - a*t**3 + 8 + 13 + 13*t - 7. What is the hundreds digit of j(-6)?
1
Suppose 0 = -22*p + 25240 + 35986. What is the units digit of p?
3
Suppose 4*o = -2*z - 2988, 5*o = -z + 5*z - 3748. Let p = -425 - o. Suppose p - 74 = 3*i. What is the tens digit of i?
8
Let u(z) = -1 + 24*z - 3*z**2 - z**3 + 0 + 6*z - 17*z. What is the tens digit of u(-7)?
0
Suppose -a = 2*m - 8866, 5*m - 10*a + 7*a = 22187. What is the thousands digit of m?
4
What is the ten thousands digit of ((-23)/5)/((101/528028)/(10/(-8)))?
3
Let g = -10762 - -21014. What is the units digit of g?
2
What is the thousands digit of ((-430)/(-35))/(19/18221)?
1
Suppose 2*n - 15 = -27, 0 = 2*h + 5*n - 32790. What is the thousands digit of h?
6
Let n(p) be the second derivative of 29*p**4/12 - 20*p**3/3 + 125*p**2 + p + 41. What is the hundreds digit of n(6)?
0
Suppose -5*c = -3*s - 25360, 23*c + s = 24*c - 5074. What is the hundreds digit of c?
0
Let g = -15545 - -23001. What is the hundreds digit of g?
4
Let p = 146 - 142. Suppose -10 = 5*t - 3*t, p*t + 2910 = 5*v. What is the tens digit of v?
7
Suppose 14*j - 279197 = 91*j - 1114262. What is the hundreds digit of j?
8
Suppose 151*p = 158*p - 25564. Suppose -3*i - 6 = 0, 5*q - i - p = -5*i. What is the units digit of q?
2
Suppose -2039*h = -2051*h + 53820. What is the tens digit of h?
8
Let c = 101380 + -60494. What is the ten thousands digit of c?
4
Let b be 10/(-25) + (-3504)/(-10). Let q = b - 312. What is the tens digit of q?
3
Suppose 4*z + 210 = 3*y - 18, -4*y + 308 = -4*z. Suppose y = 19*n - 14*n. Suppose -45 = n*p - 21*p. What is the units digit of p?
9
Suppose 0 = 165*j - 68*j - 3394515. What is the tens digit of j?
9
Let c(p) = 7147*p + 5359. What is the thousands digit of c(6)?
8
Let g = 47 + -47. Let z be 67 - -1 - (g + -1). Let k = 6 + z. What is the units digit of k?
5
Suppose 31 + 5 = -3*v. Let o = v - -11. Let f = 66 - o. What is the tens digit of f?
6
Suppose -1115 = -v + 5*l + 2617, 4*v - 3*l = 14894. What is the units digit of v?
2
Let p = -596 + 721. Suppose 980 = 2*q - 4*x, 5*x = q - 380 - p. What is the units digit of q?
0
Let a = 13 - -350. Suppose 2*q = 4*w + 966, 3*w + a + 121 = q. What is the hundreds digit of q?
4
Suppose -9*p + 5*q + 5715 = -4*p, 3*q = -3*p + 3411. Suppose 41*n - 38*n = p. What is the tens digit of n?
8
Let r(t) = 38*t - 58. Let j = 85 + -77. What is the tens digit of r(j)?
4
Suppose 3*w - p - 20893 = 459, -2*p - 8 = 0. What is the tens digit of w?
1
Suppose 17*x - 16*x = -23*x + 999984. What is the thousands digit of x?
1
Let z be (4/(-6))/(((-26)/6)/13). Suppose -3*c = -s + 624, 2*s - 2536 = -z*s + 2*c. What is the hundreds digit of s?
6
Let m be -2*((-1730)/50)/(4/30). Suppose -m*c - 6720 = -526*c. What is the hundreds digit of c?
9
Suppose 2*a + 2*a + 17 = 5*d, 5*a = -3*d + 25. Suppose b - 1306 = -5*r, -r - d*b = -2*r + 256. What is the units digit of r?
1
Let n be 84 + 3 + (-4 - (-2 - 0)). Let s = n + -89. Let l(y) = -2*y**3 + 5*y**2 + 5*y + 4. What is the hundreds digit of l(s)?
1
Suppose 1724 = 19*y - 21*y. Let g = y + 1358. What is the units digit of g?
6
Suppose 3*j + o = 11, -2*j + 5*o - 4 + 0 = 0. Suppose j*b = -4*f - 16, -b - 13 = 3*b - 3*f. What is the tens digit of (4*2)/(b/190*-5)?
7
Suppose 2*f = -3*m + 23899, -f - 5*m = 1735 - 13681. What is the ten thousands digit of f?
1
Suppose -11*l + 17570 = -139645 - 11723. What is the hundreds digit of l?
3
Suppose 0 = 3*i - 4*p + p - 21, 5*p + 32 = 4*i. Suppose i*a = 336 + 132. What is the hundreds digit of a?
1
Let c(p) = -p**2 - 9*p + 17. Let m be c(-10). Suppose -5*a + 2564 = 4*d - m*a, -5*a = 4*d - 2536. What is the units digit of d?
9
Suppose -29*q + 27970 = -16*q - 8*q. What is the hundreds digit of q?
5
Let h = 30 - 28. Suppose -3*i + 2315 = -h*o - 0*o, 0 = 2*i + 5*o - 1518. What is the units digit of i?
9
Suppose -25*x - 130565 = -5*x - 434365. What is the hundreds digit of x?
1
Suppose 2*i = 8*i + 438. Let z = i + 82. Suppose -4*r - 840 = -z*r. What is the hundreds digit of r?
1
Let y = -194 + 108. Let p be (-9)/(-3) + (-1 - -213). Let z = y + p. What is the tens digit of z?
2
Suppose -4*v + 30 - 10 = 0. Suppose 0 = -4*o - v*m + 1059, m + 78 + 198 = o. What is the tens digit of o?
7
Suppose 3*w - 5*y + 23 = 580, -3*y = 4*w - 733. Suppose -w*u + 199*u - 17940 = 0. What is the thousands digit of u?
1
Let z(y) = -y**2 + 4*y + 4. Let b = 60 + -60. Let g be z(b). Suppose -341 = -5*u - h + 60, 0 = -g*u + 3*h + 317. What is the units digit of u?
0
Suppose 0 = 10*n - 15 - 5. Suppose h = -n*h + 12. What is the units digit of 122 + (2 - 4/h)*-2?
0
Suppose -5*c + 146 + 94 = 0. Let u be -2*(-6)/(c/76). Suppose -20*s + 142 = -u*s. What is the tens digit of s?
4
Suppose -o + 15916 = 3*y, o + 0*o - 21220 = -4*y. Suppose -6*k + 11*k + 4*i - y = 0, 3*k + i - 3188 = 0. What is the hundreds digit of k?
0
What is the ten thousands digit of (-5 - ((-110)/15 + 3*1))*-36654?
2
What is the tens digit of (4/(-3))/(144/(-1101708))?
0
Let m(k) = k - 4 + 25 - 3*k. Let x be m(14). What is the tens digit of -1 + 2 - (x + -7)?
1
What is the tens digit of ((-198)/(-30) + -7)/(95366/(-95365) + 1)?
4
Suppose -2*r = -b + 2093, 20*b - 3*r = 19*b + 2088. Let s = b + -1068. What is the hundreds digit of s?
0
Suppose 29 = -17*w + 18*w. Let n = -24 + w. Suppose j - z = 32, 0 = j + 4*j + n*z - 110. What is the tens digit of j?
2
Let a(f) = 3*f**2 - 44*f + 115. What is the hundreds digit of a(29)?
3
Let f = -4 + 3. Let l be (-833)/(-357) + (-40)/(-